 z**2 + 5*z - 4. Suppose 9 = -5*r - 6. Let u(v) = r*i(v) + 7*o(v). Calculate the remainder when 32 is divided by u(-2).
10
Suppose -m - 5*k + 26 = -0*m, 0 = 2*m - 5*k + 23. Suppose m = -4*o + 5. Let y(u) = -2*u + 12. What is the remainder when y(5) is divided by o?
0
Let m = 2 - 0. Suppose -m*s - 2*s = -100. Calculate the remainder when s is divided by 14.
11
Suppose -w + 3*p = 4*w - 332, -4*p = -4. Let a = -32 + w. Suppose -20 = -4*z, 0*c - 2*c + z = -a. What is the remainder when c is divided by 7?
6
Calculate the remainder when (-4 - (-3 + 3)) + 66 is divided by 13.
10
Let g(q) = -2*q + 2. What is the remainder when 77 is divided by g(-2)?
5
Let t be 18/2*(-8)/(-6). Suppose 7*s - 8*s = -2. Suppose y - s = t. What is the remainder when 40 is divided by y?
12
What is the remainder when 11 is divided by 14/((-2)/(-2) - -1)?
4
Let t = -6 - -10. Suppose -t*q + 12 = -0*q. Let j = 4 + -2. Calculate the remainder when q is divided by j.
1
Let a(l) = -l**3 + 6*l**2 - 5*l + 5. Let k be a(5). Suppose k*q = -3*s + 38 + 21, -4*s + 3*q + 40 = 0. What is the remainder when 25 is divided by s?
12
Suppose 0 = -5*d + 10*d - 25. Calculate the remainder when 9 is divided by d.
4
Let t = 14 - 9. What is the remainder when t is divided by 4?
1
Suppose 99 = -6*a + 9*a. Calculate the remainder when a is divided by 7.
5
Suppose 7 = 6*w - 11. What is the remainder when 26 is divided by w?
2
Suppose -33*s + 40*s = 182. What is the remainder when 92 is divided by s?
14
Suppose -5*h + 2 + 23 = 0. Let m = 29 - h. What is the remainder when m is divided by 10 + 0 - 4/4?
6
Let m(x) = 9*x - 7. Let q(l) = 2*l - 3. Let b be q(4). Calculate the remainder when m(b) is divided by 2/(-3 - (-82)/26).
12
Let r(m) = -85*m. What is the remainder when r(-1) is divided by 22?
19
Suppose 6*n + 36 = 8*n. Calculate the remainder when 34 is divided by n.
16
Let m(c) = 7*c**2 - c - 2. Suppose -5*x + 2 = -0*b - 2*b, 22 = x + 5*b. Suppose -45 = -x*d - d. What is the remainder when m(-2) is divided by d?
13
Suppose 3*t = -c - 19, 2*t + 14 = 4. Let m(k) = k**3 + 6*k**2 + 4*k + 5. Let z be m(c). Suppose a - z = -9. What is the remainder when 22 is divided by a?
10
Let a = 54 - 46. Calculate the remainder when 38 is divided by a.
6
Let d = -140 + 142. Suppose 5*u - 33 = 2*t, 3*u - 4*t = 17 - 0. What is the remainder when u is divided by d?
1
Let f(t) = -t**3 - 7*t**2 + 6*t - 7. Calculate the remainder when 15 is divided by f(-8).
6
Let b(g) = g**2 - 7*g + 8. What is the remainder when (-427)/(-63) + (-2)/(-9) is divided by b(6)?
1
Let g = 4 - -2. Suppose -3*y + 17 + 31 = 0. Calculate the remainder when y is divided by g.
4
Let h(r) = r**2 - 8*r + 9. Let j be h(8). Let x = 18 - j. Calculate the remainder when x is divided by 4.
1
Suppose 3*g + 4*y + 15 - 121 = 0, 3*g = -y + 121. Calculate the remainder when g is divided by 22.
20
Suppose 15*p = 13*p + 40. What is the remainder when 37 is divided by p?
17
Suppose -4*p = 12, -3*q + 2*p = 2*q - 6. Suppose -2*r + q = 4. Calculate the remainder when (r/2 - -29) + -1 is divided by 14.
13
Let r(a) = -a**3 + 2*a**2 + 2*a. What is the remainder when r(2) is divided by 2?
0
What is the remainder when (604/(-4))/((-3)/3) is divided by 22?
19
Suppose 0 = 5*r + 2*g - 32, 0 = 4*r - 2*g - g - 21. Calculate the remainder when r is divided by 4.
2
Let j = 33 - 15. Let r(p) = -14*p**2 - 9*p + 13. Let u(a) = 7*a**2 + 5*a - 7. Let m(b) = -3*r(b) - 5*u(b). What is the remainder when m(-3) is divided by j?
17
Let b = -21 + 20. Let n(f) = -12*f + 1. What is the remainder when 51 is divided by n(b)?
12
Let o(f) = -f**3 - 8*f**2 + 7*f + 5. Let n be o(-8). Let q = 20 - n. What is the remainder when q is divided by 24?
23
Suppose -6*k + 33 = -3*k. Let q(o) = 20*o**3 + 1. What is the remainder when q(1) is divided by k?
10
Let u be ((-45)/(-6))/((-1)/(-6)). Let w be (4/6)/((-4)/(-18)). Suppose u + 9 = w*h. Calculate the remainder when 34 is divided by h.
16
Let w = 45 + -10. Calculate the remainder when 67 is divided by w.
32
Let k(l) = 9*l - 31. Calculate the remainder when 12 is divided by k(4).
2
Let p(t) = -t**3 - 4*t**2 - 5*t + 2. Calculate the remainder when p(-5) is divided by 14.
10
Let d(u) = -8*u**3 - u**2 - u + 1. Let z be d(1). Calculate the remainder when 6/z*-21 - 1 is divided by 8.
5
Let u = 591 - 581. Let a = 30 + -11. What is the remainder when a is divided by u?
9
Suppose p = 4*c + 27 - 67, p = 3*c - 30. Let o = 7 + c. What is the remainder when o is divided by 10?
7
Let y be (5 - 2)*1 - -1. Suppose -y*k + 2*o + 14 = -2*k, o + 13 = 4*k. What is the remainder when k is divided by 1?
0
Let m(a) = -3*a - 4. Let t be m(-11). Let q = 43 - t. Calculate the remainder when 51 is divided by q.
9
Let s be -1 + 0 + (-1 - -3). Let u(x) = -13*x**2 - x. Let c be u(s). Calculate the remainder when 11 is divided by 2/(-7) + (-88)/c.
5
Suppose -4*t = -12 - 8. Let m(c) = -c**3 + 5*c**2 + c - 4. Calculate the remainder when (-7)/(-7)*(0 - -2) is divided by m(t).
0
Let t(k) = 4*k + 11. Let p be t(9). Calculate the remainder when 1*3*p/3 is divided by 16.
15
Let q(c) = -c**3 + c + 8. What is the remainder when 28 is divided by q(0)?
4
Let s(g) = 68*g**2 + g. What is the remainder when s(-1) is divided by 14?
11
Let m = -11 + 17. What is the remainder when 4/(-6)*(-369)/m is divided by 14?
13
Let b(w) = w**2 - w - 2. Calculate the remainder when 49 is divided by b(4).
9
Calculate the remainder when 58 is divided by (32/10)/(6/30).
10
Suppose -3*o + 92 = o. Suppose 0 = 4*f - 49 - o. What is the remainder when f is divided by 10?
8
Let p(x) = x**3 + 3*x**2 - 6*x - 2. Let n be p(-4). Let g = n + -1. Calculate the remainder when 9 is divided by g.
4
Let u = -7 + 9. Suppose 10 + 30 = -u*n. Calculate the remainder when n*4/(-6)*3 is divided by 14.
12
Suppose -4*i = -v + i - 18, 4*v = -2*i - 6. Calculate the remainder when 19 is divided by (v + 0)/((-9)/33).
8
Suppose -x = 2*x - 30. Suppose -4*n = -8*n + 1428. Calculate the remainder when (-6)/8 + n/12 is divided by x.
9
Suppose 0 = w - 5*w + 256. What is the remainder when w is divided by 13?
12
Suppose -a - 7 = -5*c, -2*a + a = -c - 1. Suppose -4*n - n + 127 = -a*l, 5*n - l = 119. Calculate the remainder when n is divided by 8.
7
Let w = 16 - 5. Suppose x + 5*o - 153 = -0*x, 2*x + 2*o - 314 = 0. Suppose -4*l + 115 = -3*h, 10*l + h = 5*l + x. What is the remainder when l is divided by w?
9
Let o(x) = -x**3 - x**2 + 3*x. Let p be 86/(-30) + 2/(-15). Calculate the remainder when 26 is divided by o(p).
8
Let p = 28 - 27. Let m = -4 + 6. Calculate the remainder when m is divided by p.
0
Suppose -3 = -0*r - 3*r, 0 = 3*k + 2*r - 77. Suppose -8*n = -3*n - 45. Let l(q) = q**2 - 9*q + 9. Calculate the remainder when k is divided by l(n).
7
Let q be -3*((-4)/3 - -2). Calculate the remainder when (0 - 0/q) + 11 is divided by 4.
3
Let m be (-8)/(-2) - 1 - -1. Let y(n) = -n**3 - 7*n**2 + 3. Calculate the remainder when 0/3 + m + 1 is divided by y(-7).
2
Let u(z) = z. Let y be u(2). Suppose 42 + 20 = y*t. Calculate the remainder when t is divided by 16.
15
Let k(l) = 2*l + 3*l**3 + 0*l**3 - 3*l**2 - 4*l - 6*l**3 - 2. What is the remainder when 25 is divided by k(-2)?
11
Let n = -17 + 28. Suppose -5*x + 50 = 5*l, -n = -2*l + x - 0. What is the remainder when 12 is divided by l?
5
Let a = -50 - -84. Calculate the remainder when 168 is divided by a.
32
Suppose -15 = -p - 4. Calculate the remainder when 29 is divided by p.
7
Calculate the remainder when 59 is divided by 2*2/3*(22 + -7).
19
Let x be 11753/91 - 2/13. Suppose -x = -9*k + 6*k. What is the remainder when k is divided by 15?
13
Let h(f) = -7*f - 7. Let m = -3 - -21. Calculate the remainder when h(-6) is divided by m.
17
Suppose 6 = 10*i - 7*i. Suppose 3*l = i*l + 23. Suppose 3*j = -2*j + 40. What is the remainder when l is divided by j?
7
Let c = 13 + -9. Suppose 9 = -3*q - 3*l, -c*q + l + l = -6. Let w = q + 14. Calculate the remainder when 40 is divided by w.
12
Suppose 0 = -0*x - 4*x + 5*v + 393, -4*x - v + 387 = 0. Calculate the remainder when x is divided by 10.
7
Suppose 265 = 6*d - d. Calculate the remainder when d is divided by 14.
11
Suppose 0 = -2*m + 7*m - 50. What is the remainder when m is divided by 3?
1
Let r = -7 + 6. Let q(h) = 15*h**3 - h**2. Calculate the remainder w